6
Calculate the greatest common divisor of 525 and 770350.
175
What is the greatest common factor of 345 and 27870?
15
What is the greatest common factor of 22170 and 54?
6
What is the greatest common divisor of 583352 and 8008?
616
What is the highest common factor of 7367 and 1112?
139
What is the greatest common factor of 705 and 2021?
47
What is the highest common factor of 1620 and 1242?
54
Calculate the greatest common factor of 106139 and 44.
11
Calculate the greatest common factor of 31 and 15314.
31
What is the greatest common divisor of 400 and 60150?
50
What is the greatest common factor of 20870 and 1200?
10
What is the highest common factor of 8346 and 1140?
6
Calculate the highest common factor of 1132 and 32.
4
Calculate the greatest common factor of 170046 and 1890.
54
Calculate the highest common factor of 66990 and 455.
35
Calculate the highest common factor of 82809 and 216.
27
What is the greatest common divisor of 9841 and 5863?
13
What is the highest common factor of 85316 and 88?
44
What is the greatest common divisor of 1058 and 3312?
46
Calculate the highest common divisor of 85245 and 60.
15
Calculate the greatest common factor of 33 and 69993.
33
What is the highest common divisor of 11658 and 11310?
174
Calculate the greatest common divisor of 1965 and 1355457.
393
What is the highest common divisor of 41474 and 4094?
178
What is the greatest common factor of 19 and 954047?
19
Calculate the highest common factor of 2607 and 94721.
869
What is the highest common factor of 21460 and 58?
58
What is the highest common factor of 44559 and 27?
9
What is the highest common divisor of 577818 and 18?
18
What is the highest common factor of 755516 and 76?
76
Calculate the highest common factor of 649 and 120832.
59
What is the greatest common divisor of 5069 and 959?
137
What is the highest common divisor of 26688 and 1032?
24
Calculate the greatest common factor of 3510 and 4940.
130
Calculate the highest common factor of 63 and 2961.
63
What is the greatest common factor of 8964 and 1728?
108
What is the highest common factor of 32 and 1023912?
8
What is the highest common factor of 729 and 219?
3
What is the highest common divisor of 5261625 and 54?
27
What is the highest common divisor of 14 and 66269?
7
Calculate the greatest common divisor of 25227 and 45.
9
What is the greatest common divisor of 55187 and 4147?
319
Calculate the greatest common factor of 1860 and 187940.
20
What is the greatest common divisor of 522 and 23229?
261
Calculate the greatest common divisor of 48 and 483672.
24
Calculate the greatest common factor of 12426 and 19266.
114
Calculate the highest common factor of 3204605 and 362.
181
What is the highest common divisor of 2624 and 102172?
164
What is the greatest common divisor of 84230 and 40?
10
What is the greatest common factor of 57294 and 288?
18
What is the highest common factor of 66430 and 413?
7
Calculate the highest common factor of 52965 and 13375.
535
What is the highest common divisor of 487403 and 609?
203
What is the greatest common factor of 1833 and 2096341?
611
What is the highest common divisor of 193488 and 232?
232
Calculate the highest common factor of 9909 and 54.
27
What is the greatest common divisor of 46 and 77257?
23
What is the greatest common divisor of 45 and 14949?
9
What is the highest common divisor of 1406475 and 399?
399
Calculate the highest common divisor of 104 and 600.
8
Calculate the highest common divisor of 144 and 255792.
48
What is the highest common factor of 1420 and 122830?
710
What is the greatest common factor of 2170 and 150010?
70
Calculate the greatest common divisor of 4440 and 3293.
37
Calculate the greatest common divisor of 48 and 66784.
16
What is the greatest common divisor of 19115310 and 3039?
3039
Calculate the greatest common divisor of 10 and 9595.
5
What is the greatest common factor of 160 and 154420?
20
What is the highest common divisor of 4907 and 5971?
7
What is the highest common factor of 104 and 64597?
13
Calculate the greatest common factor of 38358 and 288.
18
What is the highest common factor of 10 and 1021220?
10
Calculate the greatest common divisor of 525 and 58863.
21
Calculate the greatest common factor of 625 and 124750.
125
What is the greatest common divisor of 84 and 294?
42
Calculate the highest common factor of 29 and 694463.
29
What is the highest common factor of 236 and 557314?
118
Calculate the highest common factor of 932945 and 620.
155
Calculate the highest common divisor of 6985 and 55245.
635
Calculate the greatest common divisor of 107200 and 900.
100
Calculate the highest common factor of 80643 and 24.
3
What is the highest common divisor of 96 and 1136864?
32
What is the greatest common factor of 24356 and 912?
4
What is the highest common factor of 11524 and 9916?
268
What is the highest common divisor of 705700 and 200?
100
Calculate the greatest common factor of 2995166 and 97.
97
What is the greatest common divisor of 182722 and 618?
206
What is the greatest common factor of 1275 and 204?
51
Calculate the highest common divisor of 327435 and 30.
15
Calculate the greatest common divisor of 41190 and 125.
5
What is the highest common factor of 4641 and 4368?
273
What is the greatest common factor of 46 and 26335?
23
Calculate the greatest common factor of 285 and 328111.
19
What is the greatest common divisor of 40 and 565440?
40
Calculate the highest common factor of 144 and 7182.
18
Calculate the greatest common divisor of 112 and 36358.
14
Calculate the greatest common divisor of 266 and 52934.
266
Calculate the highest common factor of 7850 and 77650.
50
What is the greatest common divisor of 18 and 108114?
6
Calculate the greatest common divisor of 68450 and 1600.
50
What is the greatest common divisor of 15945336 and 22?
22
Calculate the greatest common factor of 81585 and 14.
7
What is the greatest common factor of 232 and 71050?
58
Calculate the greatest common factor of 369384 and 120.
24
What is the highest common divisor of 116227 and 71?
71
What is the highest common factor of 13770 and 108?
54
Calculate the highest common factor of 2281250 and 2500.
1250
Calculate the greatest common factor of 132 and 354.
6
What is the highest common divisor of 884 and 4917692?
884
Calculate the highest common divisor of 405 and 95715.
135
Calculate the highest common factor of 297702 and 149.
149
Calculate the highest common divisor of 53169 and 629.
37
Calculate the highest common divisor of 45 and 220485.
15
What is the greatest common divisor of 400697 and 1095?
73
Calculate the greatest common factor of 64943 and 202.
101
What is the greatest common divisor of 5759 and 202451?
443
What is the greatest common factor of 1115380 and 10?
10
Calculate the greatest common factor of 506049 and 1443.
111
What is the greatest common factor of 92232 and 18?
18
What is the greatest common factor of 1976 and 1322438?
494
What is the greatest common divisor of 12209 and 87?
29
Calculate the highest common factor of 315972 and 18.
18
Calculate the highest common divisor of 69656 and 8.
8
What is the highest common divisor of 20 and 200885?
5
What is the greatest common divisor of 3 and 10859?
1
What is the greatest common divisor of 628 and 817028?
628
Calculate the highest common divisor of 183 and 1524.
3
Calculate the greatest common factor of 171897 and 66.
33
Calculate the highest common divisor of 3278 and 5251356.
3278
What is the greatest common factor of 113298 and 138?
138
What is the highest common factor of 96 and 178032?
48
What is the highest common factor of 2093 and 91770?
161
Calculate the highest common factor of 19608 and 1254.
114
What is the greatest common factor of 668935 and 2118?
353
Calculate the highest common factor of 2110 and 6810.
10
Calculate the highest common factor of 2782 and 341972.
214
Calculate the greatest common factor of 84600 and 3150.
450
What is the greatest common factor of 1390 and 1047226?
278
What is the highest common factor of 30302 and 33899?
109
Calculate the highest common factor of 41205 and 31155.
1005
Calculate the highest common divisor of 2011336 and 16.
8
Calculate the highest common factor of 17790 and 69.
3
What is the highest common divisor 